-2)/(-1) + 2.
2
Suppose 0 = 10*w - 16*w + 18. Suppose -w*m - 263 = -3*h - 7*m, -354 = -4*h - 2*m. What are the prime factors of h?
89
Suppose -1150 = -3*r + f, r + r = 4*f + 770. List the prime factors of r.
383
Let o(h) = 4*h**2 - 10. Let p be o(-3). Let w be 3 + (p - 4/1). Suppose 6 = a - b - 6, 0 = -5*b - w. List the prime factors of a.
7
Suppose -14*b + 5220 = -912. What are the prime factors of b?
2, 3, 73
Let a be 6/(-4 - (-55)/10). Suppose -a*d + 2*d = -96. What are the prime factors of d?
2, 3
Let c(a) = 2*a**2 + 3*a + 325. List the prime factors of c(0).
5, 13
Let o(h) = 39*h - 521. List the prime factors of o(48).
7, 193
Let x = 302 + 534. List the prime factors of x.
2, 11, 19
Suppose -59 + 20 = 3*k. Let z = -10 - k. What are the prime factors of (-6)/4*(z + -15)?
2, 3
Suppose 138008 = -49*f + 75*f. List the prime factors of f.
2, 1327
Suppose 2*b - 4*t = 6*b + 24, -5*b - 20 = -5*t. Let g(u) = 6*u**2 - u - 33. What are the prime factors of g(b)?
2, 61
Suppose 2 = -x + 5. Suppose 0*w - 6 = -x*w. Suppose 4*d + 3*h + w*h - 33 = 0, -3*d - 2*h = -23. List the prime factors of d.
7
Suppose 4*h + 0*h = -5*u + 25, 4*h - 5 = -u. Suppose 15*p - 20*p + 275 = h. List the prime factors of p.
5, 11
Let s be -1 - 5*(-2 - -3). List the prime factors of ((-3)/1 - s) + 161.
2, 41
Suppose 67*m - 142408 = 30519. List the prime factors of m.
29, 89
Let m(z) = 36*z - 215. List the prime factors of m(33).
7, 139
Suppose -3*p - 408 = -4*d, 2*d - 2*p = -0*d + 204. Let a = d + 25. List the prime factors of a.
127
Suppose -3*u + 8 = 5. List the prime factors of 207 - (u + -6 + 4).
2, 13
Let k = -2306 - -5080. What are the prime factors of k?
2, 19, 73
Suppose r + 2*r = -12, -r - 460 = 4*p. Suppose -7*o + 254 = -936. Let m = p + o. List the prime factors of m.
2, 7
Suppose 0 = -7*w + 3056 + 2089. What are the prime factors of w?
3, 5, 7
List the prime factors of (-21)/((-72)/852*(-3)/(-12)).
2, 7, 71
Let c(u) = -6*u**3 + 2*u**2 + 9*u + 12. Let j(o) = 7*o**3 - 2*o**2 - 10*o - 11. Let i(l) = -6*c(l) - 5*j(l). List the prime factors of i(7).
2, 5
Let a = 59 - 53. Let q(s) = 7*s - 3. List the prime factors of q(a).
3, 13
Let n be (-2)/(-10)*2 + 39/15. Suppose 3*i - 41 = -4*j, 0 = 7*j - n*j + 5*i - 31. What are the prime factors of j?
2, 7
List the prime factors of ((-42)/(-90)*9)/(1/335).
3, 7, 67
Let p(v) = -159*v - 111. List the prime factors of p(-4).
3, 5, 7
Suppose 0 = -3*k + 8*k + 55. Let w(r) = -9*r + 27. Let s(i) = -3*i + 9. Let h(m) = k*s(m) + 4*w(m). List the prime factors of h(-7).
2, 3, 5
Let t(u) be the third derivative of -u**6/120 + 2*u**5/15 - u**4/4 + u**3/6 - 31*u**2. What are the prime factors of t(7)?
2
Suppose 6*c - 77 = -2*x + 11*c, 3*c - 33 = -x. What are the prime factors of x?
2, 3
Let k(m) = 13*m - 32. Suppose -3*j - 9*j = -72. What are the prime factors of k(j)?
2, 23
Let l be (-14)/(-6) - (-24)/36. Let b(o) = 5*o**3 + o**2 - 9*o + 5. What are the prime factors of b(l)?
2, 61
Let n(j) = -j**3 + 16*j**2 + 23*j - 8. Let k be n(18). Let m = 420 + k. List the prime factors of m.
2, 89
Let w(n) = -n**3 - 3*n**2 - 2*n + 2. Let q be w(-2). Let d be (4/(-4))/(q/14). Let s(j) = j**2 + 7*j + 10. What are the prime factors of s(d)?
2, 5
Suppose b + 160 = -b. Let t = 4 - b. Suppose 100 = 5*u - 2*f, -2*u = 5*f + 15 - t. What are the prime factors of u?
2, 11
Let v be (2 - (-35)/(-2)) + 11/22. What are the prime factors of -3*1266/(-45) - 9/v?
5, 17
List the prime factors of -5 + 825 - -6 - -4.
2, 5, 83
Suppose 3*k - 5 = 7. Suppose j + 98 + 117 = 4*y, 5*y + k*j - 253 = 0. What are the prime factors of y?
53
Suppose 0 = 6*i - 11*i + 2*d + 2044, 2*i + 3*d - 829 = 0. Let a = -1 - -6. Suppose -2*y + 133 = -a*m, -91 = 5*y + m - i. What are the prime factors of y?
2
Let z(x) = x**2 + 4*x + 6. Let v be z(-3). What are the prime factors of v + -10 + 4 + 27?
2, 3
Suppose 26 = 8*d - 14. Suppose -d + 11 = v. What are the prime factors of v?
2, 3
Let c(i) = -i**3 + 12*i**2 - 6*i - 20. Let w be c(9). Suppose -3*l = -3*x + w + 128, 5*x + l = 465. Let r = -60 + x. List the prime factors of r.
2, 17
Suppose -2*c + 8207 = 2281. List the prime factors of c.
2963
Suppose -2*i = o - 538, -5*o - 7*i + 2660 = -3*i. What are the prime factors of o?
2, 3, 11
Suppose 7*j - 7 = 14. Suppose j*i - 2*x - 331 = 0, -x + 208 = 2*i + 4*x. List the prime factors of i.
109
Let c(k) = 4*k**3 + 38*k - 226. What are the prime factors of c(5)?
2, 29
Suppose 1137 = 8*l + 385. What are the prime factors of l?
2, 47
Let q = 533 + -367. Suppose -q = -6*s + 200. Let l = -15 + s. What are the prime factors of l?
2, 23
Let g(p) = -2*p + 1. Let b(t) = 2 + 0*t + 5*t - 4 - 1. Let h(f) = 6*b(f) + 14*g(f). What are the prime factors of h(9)?
2, 7
Let w(r) = -2*r**3 - 6*r**2 + 5. Let x be w(-5). Suppose 5*d - 4*g - x = 93, -2*d + 74 = g. What are the prime factors of d?
2, 19
Let q(z) be the first derivative of -10*z + 1 + z**2 - 7/3*z**3 + 1/4*z**4. List the prime factors of q(7).
2
Let l = 15 + -15. Suppose n - 39 = -l*n. Let u = 57 - n. What are the prime factors of u?
2, 3
Suppose 7 = 5*d - 113. Suppose -j - 3*h = -22, -2*j - 3*h + h + d = 0. Suppose 0 = j*s - 3*s - 116. List the prime factors of s.
29
Let p be (-2)/(-4)*(-6 + -64). Let l = 73 + p. List the prime factors of l.
2, 19
Suppose -v - 66 = 10*v. What are the prime factors of -58*v/(-4 + 10)?
2, 29
Let l be 4952/10 - (-3)/(-15). Suppose -4*y + l = -53. List the prime factors of y.
137
Let h(l) = -l**2 + 101*l - 22. What are the prime factors of h(30)?
2, 17, 31
Let c(z) = 248*z**2 - 8*z + 8. Let a be 21/27 + (-6)/(-27). What are the prime factors of c(a)?
2, 31
Suppose -2*u = -27 + 1. Suppose 2*o - 3*f - 259 = 0, 132 = o + 2*f + 13. Suppose u = 3*s - o. List the prime factors of s.
2, 23
Let s = 39 - 13. Let j(p) = 3 - 3 + 0 - 1 - s*p. What are the prime factors of j(-1)?
5
Let x = 24 + -6. Let n be 40/30*x/8. Suppose -n*u - 213 = -4*g, 4*g - 5*u = 65 + 138. What are the prime factors of g?
3, 19
Let b = -144 - -320. Suppose z - b = -3*a, 0*a - 122 = -2*a + 4*z. What are the prime factors of a?
59
Let r(m) = 2*m. Let l be r(2). Suppose l*b - 42 = 42. What are the prime factors of b?
3, 7
Suppose 25*h - 28*h - 9 = 0. Let z(g) = 3*g**2 + g - 1. Let q be z(h). Let v = q - 9. What are the prime factors of v?
2, 7
Suppose 4*g = i + g - 55, i - 43 = -3*g. What are the prime factors of i?
7
Let b(p) = 11*p. Let a be b(2). Let o = a + -18. Suppose 3*u + 17 = o*n + 126, -u = -4*n - 39. What are the prime factors of u?
5, 7
Suppose 16*u - 30 = 14*u. List the prime factors of u.
3, 5
Suppose 4*m + 350 = -m. Let w = m - -100. What are the prime factors of w?
2, 3, 5
Let f = 4 - 7. List the prime factors of 36*(-2 - f - 0)*1.
2, 3
Suppose -5*z = -4*s + 34, 0*s + 5*s = -5*z - 25. Let g(u) = -u. What are the prime factors of g(z)?
2, 3
Suppose -92 = -4*o + 3*o. Let d = -36 + o. What are the prime factors of d?
2, 7
Suppose -z - 6 = z + 5*i, -18 = -4*z + 5*i. Suppose a - 4*r = 6*a - 295, 0 = -4*a - z*r + 236. List the prime factors of a.
59
Suppose -8*g + 131 + 245 = 0. Suppose g*c + 828 = 51*c. What are the prime factors of c?
3, 23
Let n(v) = -v**3 + 4*v**2 + 3*v - 13. Let k be n(4). Let q(z) = z**2 - 2*z - 3. Let c be q(k). Suppose c*w = -3*w + 9. What are the prime factors of w?
3
Suppose -n + 4*n = 4*c + 583, -4*n = c - 809. Let j = n + -127. List the prime factors of j.
2, 37
Suppose 3*f - 52 = -2*a - f, 5*f = 5*a - 190. Let s = 243 - a. List the prime factors of s.
11, 19
Let c(h) be the first derivative of h**3/3 + 4*h**2 + 3*h + 11. What are the prime factors of c(-9)?
2, 3
Let u(b) = 236*b - 4. What are the prime factors of u(2)?
2, 3, 13
What are the prime factors of 2/(-3 - -7) + (-60255)/(-30)?
7, 41
Let n = 53 + -48. What are the prime factors of n/(-20) + (-601)/(-4)?
2, 3, 5
Suppose 0 = -10*y - 7*y + 4624. List the prime factors of y.
2, 17
Suppose -h = h - 162. Let n = h - 33. What are the prime factors of n?
2, 3
Suppose -4*b + 2*s + 844 = 0, 0*s - 1055 = -5*b - 3*s. Suppose -4*c = -b - 65. What are the prime factors of c?
3, 23
Let o = -47 + 142. Let t = o - 5. List the prime factors of t.
2, 3, 5
Let r be (5 + -95)/6*14/(-5). What are the prime factors of (-83 + -1)*(-36)/r?
2, 3
Let k(y) = -y + 26. Let t be k(20). Suppose -2*q -